inder when 226179 is divided by 1580?
239
Calculate the remainder when 34352352 is divided by 23529.
12
What is the remainder when 183243 is divided by 183?
60
What is the remainder when 6447533 is divided by 334?
331
What is the remainder when 467557446 is divided by 62?
8
What is the remainder when 4383165 is divided by 10?
5
What is the remainder when 1550631882 is divided by 1835?
1832
What is the remainder when 24845 is divided by 24780?
65
Calculate the remainder when 5811239 is divided by 119.
112
What is the remainder when 28105629 is divided by 303?
258
What is the remainder when 8421 is divided by 702?
699
Calculate the remainder when 233275 is divided by 2733.
970
Calculate the remainder when 53944 is divided by 208.
72
Calculate the remainder when 251576 is divided by 4663.
4437
What is the remainder when 5827830 is divided by 1942594?
48
What is the remainder when 36702332 is divided by 9020?
8972
Calculate the remainder when 9713 is divided by 4725.
263
Calculate the remainder when 149416 is divided by 821.
815
What is the remainder when 63896 is divided by 41?
18
What is the remainder when 85704 is divided by 7111?
372
Calculate the remainder when 2211305 is divided by 1105639.
27
What is the remainder when 16986 is divided by 3324?
366
What is the remainder when 13369562 is divided by 15?
2
What is the remainder when 30624841 is divided by 4705?
4701
What is the remainder when 119403 is divided by 1298?
1285
What is the remainder when 225329 is divided by 145?
144
Calculate the remainder when 537649 is divided by 89587.
127
What is the remainder when 4605326 is divided by 10965?
26
Calculate the remainder when 82604 is divided by 1690.
1484
Calculate the remainder when 1120818 is divided by 32022.
48
What is the remainder when 1386871 is divided by 6451?
6357
Calculate the remainder when 46541880 is divided by 2772.
0
Calculate the remainder when 2384742 is divided by 18486.
48
What is the remainder when 2101937 is divided by 1795?
1787
Calculate the remainder when 22996 is divided by 22919.
77
What is the remainder when 672522 is divided by 10506?
138
What is the remainder when 577070 is divided by 121?
21
What is the remainder when 3080327 is divided by 411?
293
What is the remainder when 204948 is divided by 4099?
4097
What is the remainder when 2163807 is divided by 151?
128
Calculate the remainder when 1595644 is divided by 4.
0
Calculate the remainder when 11539317 is divided by 14.
13
What is the remainder when 138823 is divided by 131?
94
What is the remainder when 967107 is divided by 50879?
406
Calculate the remainder when 18922597 is divided by 156.
109
What is the remainder when 695697 is divided by 4671?
4389
Calculate the remainder when 2455391 is divided by 776.
127
Calculate the remainder when 20589 is divided by 4496.
2605
What is the remainder when 705476 is divided by 12374?
158
What is the remainder when 36797453 is divided by 238?
35
What is the remainder when 865477 is divided by 2137?
2129
Calculate the remainder when 21036 is divided by 4001.
1031
Calculate the remainder when 1369214 is divided by 1059.
986
What is the remainder when 565741 is divided by 51429?
22
What is the remainder when 16502662 is divided by 1155?
22
What is the remainder when 174705019 is divided by 9?
7
Calculate the remainder when 1169022 is divided by 10824.
30
What is the remainder when 971604 is divided by 6309?
18
Calculate the remainder when 19322516 is divided by 1513.
1506
What is the remainder when 974632 is divided by 139089?
1009
Calculate the remainder when 117607 is divided by 165.
127
Calculate the remainder when 251919 is divided by 3188.
67
What is the remainder when 3356662 is divided by 352?
342
Calculate the remainder when 3397175 is divided by 2201.
1032
What is the remainder when 128360088 is divided by 4436?
4428
What is the remainder when 817479 is divided by 478?
99
What is the remainder when 6974472 is divided by 43?
1
What is the remainder when 733743876 is divided by 2315?
2311
What is the remainder when 3623612 is divided by 1207712?
476
Calculate the remainder when 5667275 is divided by 35.
5
What is the remainder when 167366 is divided by 244?
226
What is the remainder when 139173 is divided by 128296?
10877
Calculate the remainder when 83046 is divided by 3439.
510
What is the remainder when 1834060 is divided by 229254?
28
Calculate the remainder when 7165621 is divided by 721.
323
Calculate the remainder when 812542 is divided by 110.
82
Calculate the remainder when 3735303 is divided by 311275.
3
Calculate the remainder when 106944 is divided by 1567.
388
What is the remainder when 81227 is divided by 4068?
3935
Calculate the remainder when 8629238 is divided by 484.
2
What is the remainder when 76497 is divided by 735?
57
What is the remainder when 1352720 is divided by 450891?
47
What is the remainder when 246239728 is divided by 7519?
7516
Calculate the remainder when 1883749 is divided by 611.
36
What is the remainder when 1617469 is divided by 808697?
75
Calculate the remainder when 120503 is divided by 77.
75
Calculate the remainder when 1655619 is divided by 63677.
17
Calculate the remainder when 35563541 is divided by 3473.
21
Calculate the remainder when 123398 is divided by 299.
210
What is the remainder when 595266 is divided by 180?
6
Calculate the remainder when 1195302 is divided by 110.
42
Calculate the remainder when 178727 is divided by 2671.
2441
What is the remainder when 34239 is divided by 16954?
331
What is the remainder when 1035297 is divided by 103491?
387
What is the remainder when 37052023 is divided by 6175330?
43
Calculate the remainder when 115959071 is divided by 34.
31
Calculate the remainder when 115732948 is divided by 56.
44
Calculate the remainder when 1070195 is divided by 1278.
509
Calculate the remainder when 2331520 is divided by 439.
430
What is the remainder when 643067 is divided by 1549?
232
What is the remainder when 4556856 is divided by 566?
556
Calculate the remainder when 1826542 is divided by 29943.
19
What is the remainder when 536577 is divided by 178?
85
What is the remainder when 7603466 is divided by 2165?
2151
Calculate the remainder when 19664297 is divided by 702296.
9
What is the remainder when 1783244 is divided by 891613?
18
What is the remainder when 125202890 is divided by 703387?
4
Calculate the remainder when 45612555 is divided by 26.
1
Calculate the remainder when 2439671 is divided by 105.
101
Calculate the remainder when 124143841 is divided by 7797.
7
Calculate the remainder when 314528 is divided by 1447.
529
What is the remainder when 188414 is divided by 18689?
1524
Calculate the remainder when 5603695 is divided by 35243.
58
What is the remainder when 1379258 is divided by 45975?
8
What is the remainder when 5144 is divided by 4027?
1117
Calculate the remainder when 119101 is divided by 1657.
1454
What is the remainder when 42339 is divided by 6368?
4131
What is the remainder when 4014064 is divided by 250875?
64
Calculate the remainder when 5434521 is divided by 55.
26
Calculate the remainder when 2747802 is divided by 406.
400
What is the remainder when 17057 is divided by 16181?
876
Calculate the remainder when 719030 is divided by 84.
74
What is the remainder when 795200 is divided by 795171?
29
What is the remainder when 134214532 is divided by 10976?
4
Calculate the remainder when 117500548 is divided by 39166843.
19
What is the remainder when 149235 is divided by 5760?
5235
What is the remainder when 1872819 is divided by 58?
57
What is the remainder when 3896748 is divided by 102546?
0
Calculate the remainder when 31612173 is divided by 16.
13
Calculate the remainder when 1532868 is divided by 1532682.
186
What is the remainder when 3578031 is divided by 75?
6
What is the remainder when 1074003 is divided by 214751?
248
Calculate the remainder when 92579524 is divided by 2153012.
8
What is the remainder when 10321 is divided by 2573?
29
What is the remainder when 950151 is divided by 211?
18
What is the remainder when 594528 is divided by 22?
0
What is the remainder when 1856232 is divided by 3373?
1082
Calculate the remainder when 864099 is divided by 288033.
0
What is the remainder when 3251811 is divided by 8